z*s + 356 = 11*s. What are the prime factors of s?
2, 89
Let r = 7514 - 2163. Suppose 0 = -21*h + r + 4225. What are the prime factors of h?
2, 3, 19
Suppose m - 3*x - 2793 = 0, 5*x = 2*m + 3*x - 5606. Suppose -2*k = -11*k + m. What are the prime factors of k?
2, 3, 13
Let t(v) = 201*v - 2837. What are the prime factors of t(57)?
2, 5, 431
Let o be (-1)/4 - (-44)/(-16). Let f(l) = l**3 + 4*l**2 - 2*l - 7. Let m be f(o). Suppose m*k - 58 = 14. What are the prime factors of k?
3
Let y(d) be the third derivative of 8*d**5/15 + d**4 - 59*d**3/3 + 27*d**2 + 4*d. What are the prime factors of y(4)?
2, 5, 7
Let f(l) = 6*l + 1685 - 543 - 560 - 562. Suppose -4*r - 2*b - 5 + 23 = 0, 4*b + 20 = 0. What are the prime factors of f(r)?
2, 31
Let f(x) = x**2 + 3*x + 8. Let m be f(0). Suppose -5*a = l - 911, -4*l = -4*a + m*a - 3676. List the prime factors of l.
3, 307
Suppose -23*q + 33*q = 12950. Let w = 1982 - q. List the prime factors of w.
3, 229
Let m(o) = o**2 + 5*o - 8. Suppose z + 19 = -4*h, 3*h + 6 = h. Let c be m(z). What are the prime factors of -6*(-9)/2*c?
2, 3
Let r = -73 - -73. Suppose r = -4*a - 4*f - 708, -2*a + 5*f = -a + 153. Let g = 329 + a. What are the prime factors of g?
2, 3, 13
Suppose -5*s + 15 = 30. Let z be (((-13180)/s)/2)/((-1)/3). What are the prime factors of z/(-75) + 4*2/60?
2, 11
Let a(w) = -647*w**3 + 6*w**2 + w - 2. List the prime factors of a(-2).
2, 3, 433
Suppose 0 = -5*v - 33*q + 37*q + 77754, 46652 = 3*v - 2*q. List the prime factors of v.
2, 5, 311
Suppose 4*j + 2*y = -14, 5*y + 2 = -3*j - 5. Let o = -1392 - -1360. What are the prime factors of (o/(-12))/j*-177?
2, 59
Let z(r) = -r**3 - 33*r**2 - 70*r + 32. List the prime factors of z(-40).
2, 877
Suppose -3*v + 1783 - 16864 = -3*p, 2*p = -4*v + 10078. List the prime factors of p.
3, 13, 43
Let j be 318 - (6*(-2)/(-6))/(-2). Suppose -a - 1667 = n - 6*n, 0 = -n + 5*a + j. What are the prime factors of n?
2, 167
Let p(l) = -26*l + 37. Let a be (-17 - -24)/(((-6)/4)/3). List the prime factors of p(a).
401
Suppose 5*x - 3*r + 7 = -r, -4*x + 5*r + 8 = 0. List the prime factors of 1*x - (-7)/((-7)/(-641)).
2, 11, 29
Let i(b) = 221*b + 65. Let v(s) = 111*s + 34. Let o(g) = -3*i(g) + 5*v(g). What are the prime factors of o(-9)?
947
Let d(x) = -x**2 + 7*x + 20. Let p be d(9). Let k(y) = -5*y**3 + y + 2. Let l be k(p). What are the prime factors of l/10*(-5 + -2 + -3)?
2, 3
Let h(p) = -4*p + 10. Let s be h(-4). Suppose -i = -q + 6, -5*q + 0*i = -i - s. Suppose 4 = 2*n + q*k, 5*n - 10 = 5*k - 2*k. What are the prime factors of n?
2
Let p = 2 - -15. Suppose -21*d + p*d - 36 = 0. List the prime factors of 548/6 - d/(-27).
7, 13
List the prime factors of 48170/55*(-143)/(-26).
4817
Suppose -681167 + 2717 = 10*i. What are the prime factors of -3 - (i/45 + 1/(-3))?
5, 7, 43
Let b = 73582 + -48439. What are the prime factors of b?
3, 17, 29
Suppose 34*z = 7*z - 378. What are the prime factors of (324/48 + z)/(2/(-40))?
5, 29
Suppose 2*y - 2*a - 180 = 0, y + 87 = 2*y - 4*a. Let m = y - 81. List the prime factors of m.
2, 5
Let k(s) = 4 - 27*s - 8 - 6 - 1. Let u = 110 - 113. List the prime factors of k(u).
2, 5, 7
Suppose 4 = 4*r - 3*o, -16 = -3*r - 3*o + 2*o. Let d = 5 - r. List the prime factors of d/4 - (-572)/16.
2, 3
Let x(l) = 5*l + 41. Let m be x(-6). Suppose 15*s - 1412 = m*s. List the prime factors of s.
353
Suppose -96*z - 54*z + 2259684 = 193*z. What are the prime factors of z?
2, 3, 61
Let l be 2395*1*(18/(-5))/(-18). Let n = 857 - l. List the prime factors of n.
2, 3, 7
Let t(v) be the third derivative of -37*v**4/24 + 22*v**3/3 - 35*v**2. List the prime factors of t(-15).
599
Let i be 32850/375 + (-4)/(-10). What are the prime factors of (-2*315/56)/((-3)/i)?
2, 3, 5, 11
Let v(u) = 14*u + 87. Let j be v(-11). Let w = j + 300. What are the prime factors of w?
233
Let p(n) = -117*n + 1059. Let i be p(9). Let y = -2 - -5. Suppose u - i = -y. List the prime factors of u.
3
Suppose -3*g = 617 - 596. Let p(t) = t**3 + 13*t**2 - 2*t + 1. What are the prime factors of p(g)?
3, 103
Let x = 67550 - 24092. List the prime factors of x.
2, 3, 7243
Let h(p) = 74*p + 6. Let r be h(7). What are the prime factors of (-81)/(-54)*r/3?
2, 131
Let u(s) = 39*s**3 - 8*s**2 - 5*s + 7. Let l be u(4). Suppose 3*d = -5*f + l, 85 = 2*f - d - 846. What are the prime factors of f?
2, 3, 13
Suppose 488*d = 7086899 + 9110309. List the prime factors of d.
33191
Suppose 244 = 3*g + w, 4*w = -3*g - 0*w + 238. Let c = 641 + g. List the prime factors of c.
3, 241
Let b be (-27 - 0)/((-497)/(-56) - 9). Suppose 3*v + 906 = 4*t + 5*v, 3*v + b = t. List the prime factors of t.
3, 5
Suppose -136*u = -144*u + 152. Suppose u*s + 484 = 2308. List the prime factors of s.
2, 3
Let v(n) = 2*n**3 - 14*n**2 - 4*n - 3. Let c(z) = -4 - 4*z**3 - 2*z + 13*z**2 - 8*z**2 + 3*z**3. Let m be c(3). List the prime factors of v(m).
3, 31
Let z = -4189 + 2271. Let m = 2777 + z. What are the prime factors of m?
859
Let q(h) = 126*h**2 + 301*h + 3. List the prime factors of q(4).
11, 293
Let j(f) = -93*f**3 - f**2 + f + 1. Let x = -63 + 62. Let b be j(x). Let d = b - 79. List the prime factors of d.
13
Suppose -w = 5*p - 2288, 685 - 2941 = -w + 3*p. Let r = -1473 + w. List the prime factors of r.
3, 5, 53
Suppose -5*o = -4*w + 21710, -4*o = 4*w - 2*w + 17342. What are the prime factors of 22/(-121) - o/22?
197
Suppose 153 = 3*b - 0*b. What are the prime factors of 2669/b + (-2)/6?
2, 13
List the prime factors of -4 + (-14)/(-2) - 7 - (-1383200)/40.
2, 2161
Let f(d) = 2*d**2 + 13*d - 5. Let y be f(-7). Suppose -5*m = -y*a + 1718, m + 341 = -0*m + 3*a. Let r = m - -544. What are the prime factors of r?
2, 5
Let f(x) = x**3 + 50*x**2 - 357*x - 92. List the prime factors of f(-35).
2, 11, 1399
What are the prime factors of (-18)/((-11)/(66682/14))?
2, 3, 433
Suppose -4*w + 17148 = 3*h, -4*w + 3*h + 17176 = -h. Suppose -w = -5*u - 8*u. Suppose 3*i + 84 - u = 0. What are the prime factors of i?
2, 41
What are the prime factors of 7 + -4*(-4)/(-12)*43083/(-6)?
11, 13, 67
Suppose -28*k - 2917722 = -234*k + 1842114. What are the prime factors of k?
2, 3, 3851
Suppose -10*l - 16 = -4*r, 7*r + 2*l - 20 = 2*r. Suppose 3*o - 2065 = -2*o + 3*w, 2095 = 5*o + 3*w. Suppose -44 = r*n - o. List the prime factors of n.
3, 31
Let a = 515 - 511. List the prime factors of (43 - 20) + 1*a.
3
Let y(w) be the second derivative of 13*w**5/5 - w**4/12 + 11*w**3/3 - 20*w**2 - 101*w. List the prime factors of y(2).
2, 13
Let s(m) = 2*m**3 - 70*m**2 + 102*m - 13. What are the prime factors of s(38)?
12527
Let b = 1886 - 316. List the prime factors of b.
2, 5, 157
Suppose 0 = 4*y + y - 5*m - 1065, -2*y - 2*m + 406 = 0. Suppose 2*q + y = 1338. Suppose 0 = -n - 3*n - 3*g + q, g = -1. What are the prime factors of n?
2, 71
Let g = -555 - -1133. Let y = -217 + g. List the prime factors of y.
19
Let p(o) = o**2 - 15*o + 33. Let q be p(13). Suppose -2*j + 10 = 0, -q*m + 167 = -5*m + 3*j. List the prime factors of m.
2, 19
Suppose 27*d + 77979 - 1735540 + 293305 = 0. List the prime factors of d.
2, 1579
Suppose 8 = 4*x, -3*j + 131 - 21 = x. Suppose 4*a = -k + j, -2*k + a + 92 - 29 = 0. Let n = k + -15. List the prime factors of n.
17
Let q(l) = 2*l**3 - 55*l**2 + 49*l - 14. List the prime factors of q(32).
2, 3, 5, 359
Let m = 135512 + -70528. List the prime factors of m.
2, 8123
Suppose -2*v + 7*v = 15, 2*f + 2*v - 10 = 0. Suppose -5*k = -f*b - 492, 2*k + 5*b - 107 - 84 = 0. Let n = k + -67. What are the prime factors of n?
31
Let p(c) = 51*c**2 + 24*c + 639. List the prime factors of p(-33).
2, 3, 17, 181
Suppose 231*x = 227*x + 20. Suppose -1085 = -0*a - x*a. What are the prime factors of a?
7, 31
Let l(y) = -y**3 - 18*y**2 + 9*y + 8. Let g be l(-19). Let o be -4 - -1 - -5 - g. Let s = o - -321. List the prime factors of s.
5
Suppose -12*b - 27 = 33. List the prime factors of 3 - (-6)/(-3) - (b + -7).
13
Let f(w) = -101*w + 2924. List the prime factors of f(-42).
2, 3583
Suppose 5*v - 246004 = -f, -v + 49178 = -112*f + 116*f. List the prime factors of v.
2, 73, 337
Let t(h) be the first derivative of h**4/2 + 6*h**3 + 5*h**2 + 5*h + 52. List the prime factors of t(-8).
53
Let h be (-1638)/(-12)*(-28)/6. Let y = -353 - h. What are the prime factors of y?
2, 71
Supp